p(w). What is the tens digit of 18/12 - g/(-4)?
1
Let a(v) = -2*v**2 - 34*v + 3. Let l be a(-17). Suppose 124 = 2*y - 5*c, y = -c - l*c + 75. What is the tens digit of y?
6
Let f be (-2*2/4)/((-2)/(-110)). Let c = -37 - f. What is the units digit of c?
8
Suppose 2*z - 2*k - 3*k = 214, -5*z = k - 535. Suppose -3*m + z = -88. What is the units digit of m?
5
Suppose 0 = 12*q - 1828 - 668. What is the units digit of q?
8
Let p = -78 - -138. Let l(v) = -v**3 + 7*v**2 + 4*v + 5. Let w be l(7). Let d = p - w. What is the tens digit of d?
2
Let j be (48/(-60))/(2/(-10)). Suppose -j = 3*u - 13. Suppose -u*l - 29 = -n, 0*n - l - 159 = -5*n. What is the units digit of n?
2
Suppose 5*v = 3*z - 6984, -2*v + 8144 + 1194 = 4*z. What is the units digit of z?
3
Suppose 4*y + 10 = -h + 6*h, -2*h = 4*y - 4. Let b be ((-20)/6)/(h/12). What is the tens digit of (-8)/(-10)*(-550)/b?
2
Let s(w) = -w**2 + 8*w - 10. Let r be s(7). What is the units digit of r/3*-4*(-1485)/(-20)?
7
Suppose 0 - 6 = -3*s. Suppose s*g + 17 = -2*p - 7, -20 = 2*g + p. What is the units digit of (-62)/g + (-6)/8?
7
What is the thousands digit of -7 + 16 + -5 + 3107/1?
3
Let i be (0 - 1)/(2/(-122)). Suppose 3*v + i = 205. Suppose u = 2*q + v, -u + 23 = -q - 20. What is the tens digit of u?
3
Let h = 1157 + -691. What is the units digit of h?
6
Suppose 3*r = -4*v + 5, 3*v - 2*r + 0 = 8. Suppose 4*h + 3*t - 50 = v*h, 5*h = -t + 138. What is the tens digit of h?
2
Let n = 1649 + 127. What is the units digit of n?
6
Let x(t) = -t**2 - t + 3. Let f be x(-5). Let y = f - -13. Let n = 34 + y. What is the tens digit of n?
3
Let x be (-2 - -1)/(1 + 0). Let i(a) = -a**3 + 3*a**2 + 2*a - 5. Let v be i(3). What is the units digit of v/2*(x - -37)?
8
Suppose 0 = -5*m + 9*m - 8. Suppose f = -m*q + q + 45, 0 = 2*f + 5*q - 105. What is the tens digit of f?
4
Let w = -2446 - -5328. What is the tens digit of w?
8
Let z = 72 - 85. What is the units digit of (9 + z)*(-1)/2?
2
Let u(n) = n**3 - 11*n**2 + 5*n + 23. What is the hundreds digit of u(12)?
2
Suppose -15*x + 16789 = -1511. What is the hundreds digit of x?
2
What is the hundreds digit of (-2)/(-4)*14 + 818?
8
Let h(f) = f**3 + 22*f**2 + 9*f + 65. What is the units digit of h(-9)?
7
Let t(f) = -f**3 + f**2 + f + 12. Let a be t(0). Let v = -6 + a. Suppose -v*m + 3 = -3*m, 0 = -2*o + 5*m + 3. What is the units digit of o?
4
Suppose 9434*t = 9441*t - 20447. What is the units digit of t?
1
Let p(b) = -b**2 + 9*b - 14. Let y be p(8). What is the tens digit of 36/2 - (1 + y)?
2
Let c(t) = -t**3 + 17*t**2 - 15*t - 3. Let g be c(16). Let s be 0 + g/(52/(-280)). Let r = -35 - s. What is the tens digit of r?
3
Let t = -498 - -1882. What is the tens digit of t?
8
Let s be 5/(-25)*0 + 69. Suppose s = -5*b + 2*k, 3*b + 5*k + 23 = -37. What is the units digit of (1 + b)*(-6)/21?
4
Let i = -575 - -562. Let b(s) = s**3 - 5*s**2 - 9*s - 8. Let p be b(7). Let g = p + i. What is the tens digit of g?
1
Suppose -z - z = 4*h - 1072, -2*z - 3*h = -1068. Suppose 5*i = 3*j + z, j = -j + 8. What is the tens digit of i?
0
Let k = -35 - -42. Suppose -4*f + 93 = -w, 5*w + k = f - 40. What is the tens digit of f?
2
Let t(g) = -3 + 0 + 0*g - g + 10. Let z be t(5). Suppose -z*v + 2 = -8. What is the units digit of v?
5
Let b(n) = 21*n**2 + n + 9. Let o be b(4). Let i = o - 144. What is the hundreds digit of i?
2
What is the tens digit of ((-7)/((-21)/2466))/(21/14)?
4
Let k be 27/(-270) + (-9)/10. What is the units digit of -346*k*2/4?
3
Let n(q) = -68*q**3 - q**2. Let l be ((-2)/4)/((-2)/(-4)). What is the units digit of n(l)?
7
Let o(v) = -34*v - 503. What is the tens digit of o(-45)?
2
Let a(c) = c**2 + 12*c - 19. Let v be a(-20). What is the tens digit of ((-30)/45)/((-2)/v)?
4
Suppose -2*j = 5*r - 205, 0*r + 320 = 3*j + 5*r. Suppose -6*s = -4*s - 5*f - 105, 5*f - j = -2*s. What is the tens digit of s?
5
Suppose 0 = -k - 4*d - 5, -2*k = 4*d + d + 4. Suppose -k*x + 4*x - 2 = 0, x - 12 = -5*r. Let z(n) = 12*n + 1. What is the tens digit of z(r)?
2
Let f be (-13)/(-5) + 2/5. Let y(j) = j**3 + 3*j**2 - 6*j - 5. Let x be y(-4). Suppose g = -x*g + t + 85, -3*g + 60 = f*t. What is the tens digit of g?
2
What is the units digit of (82/(-4))/(2/(-4))?
1
Let x(c) = -c**3 - 9*c**2 - 8*c + 3. Let a be x(-8). Suppose -a = -m - 0. What is the units digit of (-2)/(-4)*24/m?
4
Let b(c) = c**2 + 7*c + 4. Let x be b(-7). Suppose z = -3*v + 109, -3*v = -x*z - 0*v + 466. What is the hundreds digit of z?
1
Suppose -3*g - 3*v = -7*v + 1062, -g = -5*v + 343. What is the hundreds digit of g/(-3) + (-34)/(-51)?
1
Suppose 0 = 2*c - 6*c - y + 8805, 0 = 3*c + 5*y - 6625. What is the thousands digit of c?
2
Let n(k) = -31*k**3 - 2*k - 1. Let m be n(-1). Let f = -17 + m. What is the tens digit of f?
1
Let l = 46 + -42. Let d = l + 2. What is the units digit of d?
6
Let u(j) = -2*j**2 + 13*j + 11. Let o be u(7). Suppose -h + 52 + 8 = o*x, -171 = -3*h - 3*x. What is the tens digit of h?
5
Let j(h) = h + 6. Let o be j(-19). Let u = -35 + 63. Let t = o + u. What is the tens digit of t?
1
Let o(q) = 11*q**3 + 4*q**2 - q - 2. Let d be o(3). Suppose -40*x = -42*x + d. What is the units digit of x?
4
Let j(k) = k**2 - 2*k + 1. Let v be j(2). Suppose v + 16 = -z + 5*x, 4*z - 28 = -4*x. Suppose -6*t = z*t - 117. What is the units digit of t?
3
Suppose b - 85 = 4*z - 308, -225 = -4*z - b. Suppose 3*g - 17 = -4*r, 23 = -3*g + r + 30. Suppose 2*v - z = 3*h - 4*h, v + g = 0. What is the tens digit of h?
6
Let h(w) = w**2 + 6*w + 3. Let p be h(-10). Let y = -21 + p. What is the units digit of y?
2
Suppose 3*x - 4*t + 88 = -x, 4*x + 70 = -5*t. Let n be ((-245)/x)/(2/(-8)). Let m = n - -70. What is the units digit of m?
1
Let t(b) be the first derivative of 36*b**2 + 27*b - 30. What is the units digit of t(3)?
3
Suppose -17*y + 1352 = -8. What is the units digit of y?
0
Let u(m) = -m - 1. Let k(n) = -10*n - 1. Let f(j) = k(j) - 2*u(j). Let r be f(-1). What is the tens digit of (-2)/(-6) + 267/r?
3
Let c(d) = d**2 - 11*d - 9. Let a(f) = -f**3 + 10*f**2 + 11*f + 12. Let l be a(11). Let z be c(l). What is the units digit of ((-3)/9)/(z/(-189))?
1
What is the tens digit of ((-6762)/28)/((-3)/46)?
0
Let k(a) = 50*a - 92. What is the units digit of k(9)?
8
Let v be (-1 + 3 + -4)*334/(-4). Suppose 2*d = v + 35. What is the tens digit of d?
0
What is the thousands digit of 10/(-20) + 4218/4?
1
Suppose -x + 0*x = -2. Suppose 0*c - x*h = 5*c - 10, -2 = -c + 4*h. Suppose -25 = -b + 2*g, g = b + c*g - 10. What is the tens digit of b?
1
Let i(x) = 331 + 0*x**2 + x - 274 - x**2. What is the units digit of i(0)?
7
Let l be (1 - 4)*32/6. Let s = 18 + l. Suppose -2*h - 3*q + 0 = -9, 2*q = -s*h + 12. What is the units digit of h?
9
Suppose i + 5*v = 3*i + 17, 0 = 4*v - 20. Suppose 0 = -4*k + 5*w + 1, k = -0*k - i*w + 16. Suppose -53 = -k*b + 3*b. What is the units digit of b?
3
Let r = 415 - 135. What is the hundreds digit of r?
2
Suppose -2*g = -11 + 3. Suppose m - g = 50. What is the units digit of m?
4
Suppose 5*j = -3*b + 5358, 2*b + 8899 = 7*b - 2*j. What is the units digit of b?
1
Let j(b) = 4*b**2 + 16*b + 5. Let k be j(-5). What is the units digit of (190/k)/(1/5)?
8
What is the hundreds digit of ((-118)/6)/((-5)/180)?
7
Let f = -275 - -595. Suppose -16*c + f = -14*c. What is the tens digit of c?
6
Let j(v) = 75*v - 111. What is the units digit of j(4)?
9
Suppose 209826 + 88658 = 71*a. What is the thousands digit of a?
4
Suppose 460 = -15*y + 6655. What is the tens digit of y?
1
What is the hundreds digit of (-1 + (-209)/(-33))/((-2)/(-120))?
3
Let y be (-2)/6 - (-23)/(-3). Let g be (-2 + 2)*(-2)/y. Suppose -q + 6*q - 140 = g. What is the tens digit of q?
2
Let c = -76 - -452. Suppose 4*q = 5*f - c, -2*f + 5*f - 224 = 4*q. What is the tens digit of f?
7
What is the units digit of (-7824)/64*(-152)/6?
7
Let b(s) = s**3 - 4*s**2 + s - 2. Let k be b(4). Let y(l) = 1 - 3 + 3 - 3 - k*l. What is the units digit of y(-2)?
2
Let j(c) = -c**2 - 4*c. Let b be j(-2). Suppose -4 = b*s - 32. What is the units digit of -6*s/(63/(-12))?
8
Let i(n) = 84*n + 135. What is the hundreds digit of i(4)?
4
Let s(o) = o**2 + 14. Let w be s(0). Suppose 5*v - w + 1 = -y, -y = -5*v + 17. Suppose -42 = -v*u - 2*i + 30, 0 = -3*u + 3*i + 72. What is the units dig